 2*h = -y*p + 10*p + 311. Suppose 315 = 7*k - h. List the prime factors of k.
67
Suppose -45*x - 88251 = -50*x - 4*c, -4*x = c - 70603. What are the prime factors of x?
19, 929
Suppose -2*j + 25 = -b - 0*b, -b - 5*j = -10. List the prime factors of (33/b)/(9/(-1935)).
11, 43
Let x = 74 + -100. What are the prime factors of (-4620)/(-286) + (-1 - 22/x)?
2
Suppose 2*i + 5 = -2*q - 1, 0 = -3*i - 4*q - 4. Let a be i/3*-3 + -3. Suppose 0 = a*z + o + 334 - 848, -4*z + 3*o = -396. List the prime factors of z.
2, 3, 17
Let i(j) = 2*j - 2. Let h(y) = -19*y + 40. Let c(b) = 2*h(b) + 14*i(b). List the prime factors of c(5).
2
Suppose -1465*h + 1512*h - 780482 = 0. List the prime factors of h.
2, 19, 23
Let u(o) = -o**3 - 19*o**2 - 77*o + 116. List the prime factors of u(-21).
5, 523
Let c(g) = g**2 + 7*g + 7. Let p be c(-5). Let a be (-15)/2*(-95 - p). Suppose 0 = r + 5*r - a. List the prime factors of r.
5, 23
Suppose -4 - 4 = -4*w. Suppose k = -w*d + d + 4, 2 = 2*k. Suppose d*v = -5*v + 656. List the prime factors of v.
2, 41
Let b(t) = -298*t + 2. Let p be b(-1). Suppose p = x + 4*x. Suppose 9 = 3*i - x. List the prime factors of i.
23
Let o(u) = 18 + 14 - u**2 + 28*u + 3 - 61. What are the prime factors of o(24)?
2, 5, 7
Let j = -36 - -40. Let o(u) = u**2 + u. Let x(y) = -11*y**3 + 5*y**2 + 9*y + 1. Let q(d) = j*o(d) - x(d). List the prime factors of q(3).
2, 17
Let x(o) = 22*o**2 - 104*o + 1. What are the prime factors of x(-19)?
7, 13, 109
List the prime factors of (3 - -2*1418) + -12 + 10.
2837
Let a = -612 + 183. Let u = a - -803. List the prime factors of u.
2, 11, 17
Suppose 10562 = v + 3*v + 2*r, 5*v - 5*r - 13180 = 0. Suppose 2*s + 2*p = 6*p + 1060, 5*s + p = v. List the prime factors of s.
2, 3, 11
Let d(p) = -6292*p**3 - 3*p**2 + 47*p + 91. List the prime factors of d(-2).
50321
Let u be 1/((-10)/24 - 14/(-21)). Suppose 6*f - 3*f + 5055 = u*b, 3*f = 3*b - 3792. List the prime factors of b/7 - (-56)/98.
181
What are the prime factors of (-27 - -333)/((-2)/(-31))?
3, 17, 31
Let i be (-4)/(-6) - 60/36. Let d be -4 - (-4 - i) - -144. Let z = d + -74. List the prime factors of z.
3, 23
Suppose 5*r = y, y + r - 3*r = -12. Let x be y/(-12) - (-4)/12. Suppose x*f = 83 + 25. What are the prime factors of f?
2, 3
Suppose 78*b - 72*b = 30. Suppose 4*c + 12 = 0, -b*c = 5*x - 202 - 173. Let y = x - 11. What are the prime factors of y?
67
Let i = 110 + -108. Let l(a) = -198*a + 6 + 12*a**2 + 2*a**3 - 4*a**i + 190*a. What are the prime factors of l(3)?
2, 3
Let z(h) = -15*h**2 + 58. Let c be z(-8). What are the prime factors of (15 + -17)*(c/4 + -1)?
3, 151
Let u(g) = -9*g**2 + 47*g - 24. Let f(s) = -s**2 + 2*s - 1. Let m(n) = 6*f(n) - u(n). List the prime factors of m(17).
2, 5, 29
Suppose -10*p + 5*p + 1370 = 4*o, 987 = 3*o - 3*p. List the prime factors of o.
5, 67
Let a = -902 - -70. Let v = a - -1452. What are the prime factors of v?
2, 5, 31
Let x(m) = m**3 - 7*m**2 - 8*m + 2. Let o be x(8). Suppose -o*d = 4, -w + 3*w - 2*d = 12. What are the prime factors of w + (57 - (1 + 2))?
2, 29
Let a(d) be the first derivative of -151*d**3/6 - 4*d**2 + 38*d - 4. Let x(v) be the first derivative of a(v). What are the prime factors of x(-1)?
11, 13
Suppose 41*t - 157591 - 146408 = 212642. What are the prime factors of t?
12601
Let h(z) = 76*z - 21. Let n be ((-8)/(-24))/((-1)/(-12)). List the prime factors of h(n).
283
Let r be -98 + 618 + -1*1 + 1. Let a = r - 141. List the prime factors of a.
379
Let p = -6 - -9. Let s(k) = 3*k + 40. Let w be s(-14). What are the prime factors of 141 - ((-3)/2 - p/w)?
3, 47
Suppose 8*u - 25 = -17. Let f = u + -114. What are the prime factors of 2/(-3) + (1 - f/3)?
2, 19
Let p = -25676 - -41963. List the prime factors of p.
3, 61, 89
Suppose -2*o = -3*d + 25820, 4*d + 14*o - 34424 = 18*o. List the prime factors of d.
2, 269
Let u(v) = 1902*v + 32. What are the prime factors of u(2)?
2, 7, 137
Let r(f) = 104*f**2 + 253*f - 14. List the prime factors of r(-4).
2, 11, 29
Let y = 64358 - 10502. What are the prime factors of y?
2, 3, 11, 17
Let x = 54 - 25. Suppose 42*z = x*z + 65. What are the prime factors of z?
5
Let m(u) = 194*u + 652. List the prime factors of m(45).
2, 4691
Suppose 0 = 9*b + 10*b - 57. Suppose -3*r - 919 + 3054 = 2*j, 1045 = j - b*r. What are the prime factors of j?
2, 5, 53
Suppose -28*i + 9 = -19*i. List the prime factors of 1/i*(-42 + 587).
5, 109
Suppose c + 50038 = 6*u - 61234, -c - 55637 = -3*u. List the prime factors of u.
5, 3709
Let h(l) = -17*l + 5. Let q be 3/((-2)/7 - 34/28). Let g be h(q). List the prime factors of ((-6)/g - (-9196)/(-52))*-1.
3, 59
Let c = 657 + -653. Suppose -5*s = -10*j + 11*j - 447, 0 = -j - c*s + 450. List the prime factors of j.
2, 3, 7, 11
Let r = -2356 + 723. Let h = -996 - r. List the prime factors of h.
7, 13
Let f = -5302 - -8696. What are the prime factors of f?
2, 1697
Suppose -10*x = -2*z - 15*x + 8613, z = -5*x + 4314. List the prime factors of z.
3, 1433
Let o(b) = 5*b**2 + 6*b + 13. Let r(g) be the second derivative of -5*g**3/6 - 16*g**2 - 16*g. Let q be r(-6). List the prime factors of o(q).
3, 7
What are the prime factors of (-466800)/(-33) - (-6 - 300/(-55))?
2, 11, 643
Let t = 1691 - 788. Let o = t - 256. What are the prime factors of o?
647
Let x = 39 + -42. Let z be 0/(-3) - (x + (-2 - -2)). List the prime factors of 3 - (z + -6 - 98).
2, 13
Let h(l) = 120*l + 57. Let g be h(-1). What are the prime factors of (31554/(-21))/(-2) + 18/g?
751
Suppose 0 = -g - 1, 23*y - 20*y - 5*g = 131852. List the prime factors of y.
71, 619
Let h = 328 + -181. Suppose z + 50 = h. List the prime factors of z.
97
Let m be 18/(-2) - (-3 - 0/2). Let i(t) = -t**3 + 3*t**2 - 21*t - 14. List the prime factors of i(m).
2, 109
Suppose 0*p = -p - 63. Let x = p + 47. List the prime factors of (-283)/(-8) - (-6)/x.
5, 7
Suppose -17*v = -6*v + 407. Suppose 4*h = -2*m + 277 + 49, -3*h - 4*m + 232 = 0. Let r = v + h. What are the prime factors of r?
47
Let h = -28 + 14. Let q be (-554 + 0)*h/28. Let k = q + -169. List the prime factors of k.
2, 3
Let v(t) = -10*t - 2. Suppose -5*u + 2*u = 18. List the prime factors of v(u).
2, 29
Let z = -19 + -72. Let r = z + 214. Suppose r + 66 = 2*i - 5*u, 15 = -3*u. What are the prime factors of i?
2, 41
Suppose -r - 4672 - 10775 = -i, -5*r = -10. What are the prime factors of i?
7, 2207
Let m = -4007 + 803. Let b = -2199 - m. What are the prime factors of b?
3, 5, 67
Suppose -2*w = 11*u - 12*u + 206, -w + 611 = 3*u. List the prime factors of u.
2, 3, 17
Let w be 6 - ((-75)/5)/(-5). Suppose 5*z - 12 = u, -w*z - u + 11 = -1. Suppose m = -z*j + 36, 3*j + 16 = 5*j - 2*m. List the prime factors of j.
11
Let v = 29183 + -16316. What are the prime factors of v?
3, 4289
Let w(b) = b - 27. Let v be w(29). Suppose 804 = v*m - 118. List the prime factors of m.
461
Let u = 12 + -7. Let d(z) = -12*z + 5. Let l(x) = -21*x + 4. Let g(m) = 3*d(m) - 2*l(m). What are the prime factors of g(u)?
37
Suppose 5*s - 4*y = -31, -3*s - 2*y = -6*y + 25. Let a be ((-42)/(-3))/((-1)/s). Let g = a - -3. List the prime factors of g.
3, 5
Suppose -w - 103 = -719. Let j = -118 + w. Suppose -11*t = -8*t - j. What are the prime factors of t?
2, 83
Let q = -358 - -360. Suppose -4980 = -32*o + q*o. What are the prime factors of o?
2, 83
Let k(z) = -18*z + 8*z**3 + 1 - 3*z**2 - 15*z + 31*z. Let b be k(3). Let w = b - 88. What are the prime factors of w?
2, 3
Let q(a) = 3*a + 1264. Let s be q(0). Let r = 2079 - s. What are the prime factors of r?
5, 163
Suppose -4918 = 15*k - 125653. List the prime factors of k.
3, 2683
Let v(b) = 2*b - 16. Let f be v(15). Suppose 4*j + 2*o = f, 4*j + 0*o = 3*o - 11. List the prime factors of -4 - ((-135 - 4) + j).
2, 67
Suppose -8 = 2*j, -5*j + 7*j + 11 = g. Suppose -4*v + 25*w + 1976 = 21*w, -5*v + g*w = -2466. What are the prime factors of v?
2, 3, 41
Suppose -6*b - 350118 = -23*b + 161276. List the prime factors of b.
2, 13, 89
Let l(p) = 2*p**3 - 6*p**2 + 18*p - 9. Let o be l(5). Suppose -c - 63 = -y - 2*c, 3*y = -5*c + o. List the prime factors of y.
67
Let m = -5455 + 17311. What are the prime factors of m?
2, 3, 13, 19
Let b be -3*(-2)/(-12)*12. Let f be ((-144)/(-7))/(b/(-42)). Let x = -49 + f. What are the prime factors of x?
5, 19
Suppose -